s -1330032 - 10?
-1330102
In base 6, what is -1052310 - 5?
-1052315
In base 14, what is 2 + 1a42b?
1a42d
In base 9, what is -2 + 22264?
22262
In base 16, what is -d613 + -2?
-d615
In base 14, what is -3 + 313b?
3138
In base 8, what is 11567447 - -1?
11567450
In base 5, what is -23144101 - -3?
-23144043
In base 13, what is 348 + -139?
20c
In base 14, what is a - -45b11?
45b1b
In base 9, what is 76175 - 8?
76166
In base 10, what is -6 - 224276?
-224282
In base 7, what is -2300 - 265?
-2565
In base 4, what is 10202001 + -1?
10202000
In base 8, what is 7611 + -76?
7513
In base 6, what is -2 - 51331?
-51333
In base 11, what is 1a70 + -448?
1623
In base 2, what is 1101111011101010 - 10?
1101111011101000
In base 8, what is -3 - -12735?
12732
In base 8, what is 66223 - -31?
66254
In base 15, what is 9 + 106b?
1075
In base 10, what is -920933 + -4?
-920937
In base 13, what is 244 + 635?
879
In base 3, what is -200202021 - -111?
-200201210
In base 11, what is 1253 + -3?
1250
In base 14, what is 26 + -1141c?
-113d6
In base 13, what is 28822 - -1?
28823
In base 7, what is -15660 + -1423?
-20413
In base 11, what is 6a2946 - 4?
6a2942
In base 11, what is -17 - 5794?
-5800
In base 16, what is 19a - -10a9?
1243
In base 8, what is 126343 + 2?
126345
In base 10, what is 45381 + -1?
45380
In base 2, what is 10001011111 - -1110000?
10011001111
In base 5, what is -3 - 431430?
-431433
In base 4, what is 20 - 10200212?
-10200132
In base 7, what is 212130 + 4?
212134
In base 3, what is -10 + -2200101000?
-2200101010
In base 6, what is -105 - -30150?
30041
In base 11, what is 381 + 74?
445
In base 5, what is -21 - -222413?
222342
In base 6, what is -4 - 100430?
-100434
In base 7, what is -1414 + -540?
-2254
In base 9, what is -6010 + -7?
-6017
In base 8, what is 43 + -7042?
-6777
In base 2, what is 100000100 - 10011110011?
-1111101111
In base 16, what is -36d7 - -72?
-3665
In base 2, what is 111000100010101010 + -1?
111000100010101001
In base 7, what is -662555 - -4?
-662551
In base 4, what is 332230 - 120?
332110
In base 10, what is 0 - -1732?
1732
In base 9, what is 2618 + 41?
2660
In base 16, what is -303 + 20b?
-f8
In base 15, what is -4629 - -1c?
-460c
In base 16, what is 28f - 63?
22c
In base 2, what is -11011001010 - -100100101100?
1001100010
In base 7, what is -1002 - 16?
-1021
In base 16, what is -4 - -14d62?
14d5e
In base 16, what is -78c + e?
-77e
In base 12, what is -55 + -27b?
-314
In base 2, what is -10 - -10110011100010?
10110011100000
In base 12, what is b + -1895?
-1886
In base 15, what is -35 + -23b?
-271
In base 14, what is -3 + 24583?
24580
In base 7, what is 45265 + 32?
45330
In base 13, what is -1 - -4217?
4216
In base 15, what is 9 - -28b0b?
28b15
In base 9, what is -41 - -35317?
35266
In base 8, what is 226 + 2754?
3202
In base 5, what is 20200220 - -21?
20200241
In base 15, what is -66e7c - -8?
-66e74
In base 10, what is -18410 - 3?
-18413
In base 8, what is 115 - -3751?
4066
In base 12, what is -3674 - -81?
-35b3
In base 4, what is -21320 + -10231?
-32211
In base 8, what is 30241 + -5?
30234
In base 14, what is -9 + 83d?
834
In base 12, what is 4 - -48ab0?
48ab4
In base 6, what is -51 - 30111?
-30202
In base 15, what is -23 - 1278d?
-127b1
In base 11, what is 26 - 8465?
-843a
In base 6, what is -335334500 + -4?
-335334504
In base 13, what is -52 - 2c2a?
-2c7c
In base 15, what is -13dd5 + -2?
-13dd7
In base 4, what is -131121 - -13?
-131102
In base 14, what is 0 + 30112?
30112
In base 5, what is 10 - -1101303?
1101313
In base 2, what is -1111111 + 100110?
-1011001
In base 7, what is 4666 - -22?
5021
In base 15, what is -465ea + 8?
-465e2
In base 7, what is 0 - -121603?
121603
In base 9, what is 7540 + 11?
7551
In base 8, what is -5 - 16412?
-16417
In base 2, what is -11000101000 - 10011110?
-11011000110
In base 10, what is 2905 + 3?
2908
In base 12, what is 4 - -55a5?
55a9
In base 4, what is 333203 - 1023?
332120
In base 8, what is -132 - -4141?
4007
In base 13, what is -1 + -1425?
-1426
In base 13, what is 36 - 3b?
-5
In base 11, what is 18 + 3513?
3530
In base 12, what is 3 + 14232?
14235
In base 4, what is 3 + 13021122?
13021131
In base 9, what is 1312 - 3780?
-2467
In base 6, what is -2341 - 40?
-2421
In base 8, what is 4244 - 36?
4206
In base 10, what is -46 - -2020?
1974
In base 16, what is 15b7 - -1?
15b8
In base 11, what is 8764 + 55?
8809
In base 7, what is 23 - 214005?
-213652
In base 12, what is -4307 - 95?
-43a0
In base 11, what is -3a7456 + 2?
-3a7454
In base 5, what is 4001 - -231?
4232
In base 13, what is 9 - 187c1?
-187b5
In base 3, what is 12 + 101220212122?
101220212211
In base 3, what is 2020111 - 2120?
2010221
In base 13, what is 12 - 106?
-c4
In base 11, what is -5a9 + a1?
-508
In base 6, what is 4135 - 1020?
3115
In base 10, what is 3862 - -3?
3865
In base 2, what is 10001 - -100100110101?
100101000110
In base 9, what is -150 - -74766?
74616
In base 9, what is 25 - 7022?
-6886
In base 3, what is 1120222 + -1011?
1112211
In base 15, what is 4 - -7916?
791a
In base 10, what is -8508 - -47?
-8461
In base 16, what is -c5 + -612?
-6d7
In base 8, what is -1071 - 545?
-1636
In base 13, what is 11c468 - -1?
11c469
In base 14, what is 2 - 16c398?
-16c396
In base 5, what is 313231301 + 3?
313231304
In base 15, what is bd74 - -7?
bd7b
In base 15, what is 9 - 1872?
-1868
In base 16, what is -9e + -56?
-f4
In base 13, what is -45bb - -8?
-45b3
In base 7, what is 256 - 1531?
-1242
In base 15, what is -1653b - 4?
-16540
In base 13, what is 4bca + -4c?
4b7b
In base 14, what is c5 + -d71?
-c8a
In base 4, what is -20112 - -1131010?
1110232
In base 2, what is -1011000011001 - 10011?
-1011000101100
In base 8, what is -6552 + 266?
-6264
In base 6, what is 4 - 22002420?
-22002412
In base 3, what is 1200 + -12022012012?
-12022010112
In base 9, what is -3551 - -26?
-3524
In base 12, what is 1b85 + -29?
1b58
In base 16, what is 6a26 + c?
6a32
In base 14, what is -bd2c1 - -9?
-bd2b6
In base 15, what is -37155 + 1e?
-37136
In base 13, what is 60111 + 4?
60115
In base 14, what is -2d3 + -791?
-a84
In base 6, what is 4 + -53415?
-53411
In base 15, what is -320 + -6?
-326
In base 14, what is -1976 + -15?
-198b
In base 2, what is 11101 - 1000000100011?
-1000000000110
In base 9, what is -118483 + 4?
-118478
In base 6, what is -104 - 55045?
-55153
In base 9, what is 3 - -415570?
415573
In base 5, what is 33 + 43333?
43421
In base 5, what is 43 + -142442?
-142344
In base 16, what is 9f463 + 5?
9f468
In base 3, what is 2201200 - 1?
2201122
In base 10, what is 243755 - -3?
243758
In base 2, what is -1000010000001111010 + 101?
-1000010000001110101
In base 10, what is -22 - 5895?
-5917
In base 3, what is -10110200 - 1001210?
-11112110
In base 6, what is -11 + 21334?
21323
In base 3, what is 1 + -21001122?
-21001121
In base 3, what is 1002021 + -10111?
221210
In base 13, what is -6 - 210bb?
-210c4
In base 15, what is 1549ce + -5?
1549c9
In base 9, what is 2362 + 15?
2377
In base 9, what is -450 + 800?
340
In base 12, what is -34a4 + a?
-3496
In base 10, what is 135 - -324?
459
In base 5, what is -31034020 - -4?
-31034011
In base 6, what is -2311 + -30?
-2341
In base 9, what is -547733 + -11?
-547744
In base 4, what is 11 + -133230333?
-133230322
In base 14, what is 8 - -1b10?
1b18
In base 7, what is 3 + -542211?
-542205
In base 16, what is -6281 + -3?
-6284
In base 2, what is 101010110000000000 + -1011?
101010101111110101
In base 5, what is 100010132 - 4?
100010123
In base 5, what is 4 + 211410411?
211410420
In base 6, what is -14 - -15444?
15430
In base 13, what is 5a - 120?
-93
In base 14, what is ba5d - 7?
ba56
In base 5, what is 1022340 + -2?
1022333
In base 5, what is 12 - -12233140?
12233202
In base 6, what is 100411 + 110?
100521
In base 2, what is -1110100100100011 - 110?
-1110100100101001
In base 5, what is 12223344 - -1?
12223400
In base 14, what is -608 - 5?
-60d
In base 12, what is -2 + 3717?
3715
In base 4, what is -22032 - -13?
-22013
In base 14, what is 6b3 - 9a?
617
In base 7, what is -2643 + -36?
-3012
In base 14, what is -5b + -d2c6?
-d343
In base 6, what is 25005125 - -4?
25005133
In base 8, what is -1550 - 117?
-1667
In base 6, what is -11525223 + 4?
-11525215
In base 13, what is 10bb - -177?
1265
In base 13, what is -3 + 2771?
276b
In